test common factor of 36 and p?
4
Let t(z) = z**3 + 2*z**2 - 3*z + 2. Let p be t(-3). Suppose -k - c + 32 = k, 3*k - 48 = -p*c. Calculate the highest common factor of k and 112.
16
Let g(j) = j**3 - 12*j**2 - j + 4. Let f be g(13). What is the greatest common divisor of f and 32?
32
Suppose 4*p - j + 40 = 3*j, -5*p = -j + 46. Let q be 98/6 + (-6)/p. Suppose 3*m + q = 6*t - 2*t, 2*m = 4*t - 18. What is the greatest common divisor of m and 5?
1
Let c = 114 - 18. What is the greatest common factor of 24 and c?
24
Let x be (-19)/(-7) + (-16)/(-56). Let l be (0/(-2) - 2) + x. Let a be 10 + 0 - 1/l. What is the greatest common divisor of a and 63?
9
Let k(x) = -6*x - 9. Let d be k(-7). Let p = 142 + -139. Calculate the greatest common divisor of p and d.
3
Suppose -694 + 254 = -2*s. Calculate the highest common factor of s and 20.
20
Suppose -114 = -6*d - 18. Let a(r) = 10*r**2 - 3*r**2 + 2 + 7*r**2. Let b be a(3). What is the greatest common factor of d and b?
16
Suppose -2 = -2*f + 4. Suppose -2*o + f*t + 2*t + 1 = 0, -4*t + 1 = -o. Suppose 21 + 24 = o*a. Calculate the highest common divisor of 105 and a.
15
Let t(m) = 8*m - 15. Let h be t(3). What is the greatest common divisor of 6 and h?
3
Let j(g) = 3 - g - g**2 - 9 - 3*g. Let x be j(-4). Let u be (14/(-6))/(2/x). What is the highest common factor of 35 and u?
7
Suppose 0 = 10*v - 3*v - 49. What is the greatest common divisor of 63 and v?
7
Suppose 0 = 2*i - 0*o + 2*o + 8, 3*i - 3*o = 0. Let n = i + 2. Let u = n + 15. Calculate the highest common factor of 10 and u.
5
Let n be 1/(-1 + (-68)/(-64)). Calculate the greatest common divisor of 16 and n.
16
Let r be (7/4)/(2/24). Calculate the highest common factor of 6 and r.
3
Let a be 126/35*(-60)/(-9). Suppose -24 - 1 = -5*r. Let g be 18/((10/4)/r). What is the greatest common factor of g and a?
12
Let l be 3*3*(-2 + 13). Let w be (9 - -6)/(2/(-2)). Let m = 24 + w. Calculate the highest common factor of l and m.
9
Let y(z) = z**2 + z + 70. Let u = -7 - -11. Suppose -4*i = u*v + 16, 2*i + v = -3*i - 4. Let w be y(i). What is the greatest common divisor of 10 and w?
10
Let y(i) = i**3 + 9*i**2 + 13*i + 3. Let d be y(-6). Calculate the highest common factor of d and 3.
3
Let w be 70/4*8/10. Calculate the greatest common factor of w and 14.
14
Let z(p) = p**2 + 2*p + 3. Let n be z(-4). Let t = -11 + 17. Suppose -3*q + t*q = 99. What is the highest common factor of q and n?
11
Let g = -118 - -121. What is the greatest common divisor of g and 9?
3
Suppose 3*m - 15 = 0, -m + 4 = -2*y + 7. Let u be (-10)/8 + 3/12. Let b = y + u. Calculate the highest common divisor of 9 and b.
3
Suppose 0*b = b - 36. Suppose -9 - b = -5*i. What is the greatest common divisor of i and 9?
9
Let r be ((-18)/15)/((-1)/15). Let d be (-1 + 0)/((-3)/r). Calculate the highest common factor of 6 and d.
6
Let y = 2 + -2. Let x = y - 2. Let z be x/(-8) - (-135)/20. What is the greatest common divisor of 49 and z?
7
Let f be 1/(-3) - (-102)/9. Let q be (-44 + f)*(-2)/6. Calculate the greatest common factor of q and 1.
1
Suppose 2*s - 182 = 3*g, 3*s - 263 = 3*g - g. Suppose s = 6*f - f. Calculate the highest common factor of 136 and f.
17
Let n(b) = -b - 5. Let i be n(-16). Calculate the greatest common factor of i and 99.
11
Suppose 14 = 4*c - t, -2*c + t - 3*t = -12. Let w = c + 5. What is the highest common factor of 99 and w?
9
Suppose 3*c - 1455 = -5*s + 5*c, -4*c = -s + 309. Suppose 64 = -l + s. Calculate the greatest common divisor of 25 and l.
25
Suppose -2*q - 2*q = -64. Calculate the greatest common divisor of q and 8.
8
Let b = -3 + 41. Suppose 3*u + y = b, 0*u + 2*y - 52 = -4*u. What is the greatest common factor of 3 and u?
3
Suppose -4*o - 3*k = -13, o + 1 + 0 = -5*k. Suppose -o*f = 42 - 122. What is the highest common divisor of 30 and f?
10
Let c be (-5 + 4)/((-1)/33). What is the greatest common divisor of 22 and c?
11
Let p = 7 - 4. Suppose 0*x - x = -p. Let a = 5 + -2. What is the highest common factor of x and a?
3
Suppose 16 = 2*l + 3*c, 3*l + 25 = 6*l + 5*c. Suppose 5*w - 65 = -l*j, j + 2*j - 39 = -4*w. Calculate the greatest common divisor of j and 13.
13
Let c(t) = -t**3 - 3*t**2 + 4. Let l be c(-3). What is the highest common divisor of 12 and l?
4
Let q(n) = -4 + n**3 + 53*n - 6*n**2 - 47*n - 4. Let u be q(6). Calculate the greatest common divisor of 224 and u.
28
Let v = -1 - -1. Let y = v + 2. Let r(q) = 32*q + 2. Let n be r(y). What is the highest common divisor of 6 and n?
6
Let f = 338 + -138. Calculate the highest common divisor of 25 and f.
25
Let n(t) = -67*t + 2. Let f be n(-2). Suppose 4*p = 106 - 38. Calculate the greatest common divisor of p and f.
17
Let h(s) = -s**3 + 11*s**2 + 3*s + 14. Let t be h(10). Let j = t + -80. Calculate the highest common divisor of j and 8.
8
Let v(o) = 3*o - 5*o - 2*o + 2 + 3*o. Let g be v(-6). What is the greatest common divisor of 12 and g?
4
Let w be 2 + (-1 - -2) - -2. Let o(z) = 20*z - 4. Let r be o(w). Calculate the highest common factor of r and 12.
12
Suppose 0*o = 5*o - 60. What is the greatest common divisor of o and 12?
12
Let h be 4/(-6) - (-116)/12. Calculate the highest common factor of 63 and h.
9
Suppose -3*t + t = -34. Let y be 75/(-6)*(-8)/2. Let k be y/3 - 4/(-12). Calculate the greatest common divisor of t and k.
17
Suppose 4*m - 10*m = -216. Calculate the greatest common divisor of m and 12.
12
Suppose 12*f = 7*f - 240. Let n be f/(-3) + (-2)/(-1). Calculate the greatest common factor of n and 2.
2
Let l(r) = r**2 - 6*r + 23. Let d be l(14). Calculate the greatest common divisor of d and 54.
27
Let u(h) = 11*h**3 - 2*h**2 + 2*h - 1. Suppose -6*j + 2*j + 4 = 0. Let s be u(j). Let k = 6 + -4. What is the highest common divisor of s and k?
2
Let i be 1*10 + -26 + 26. What is the highest common divisor of i and 5?
5
Let r(y) = 11*y**2 - y. Let h be r(1). Suppose 0*w + 5*w = -5*k + 365, 274 = 4*k - 2*w. What is the greatest common factor of k and h?
10
Let g be -1*1/(3/(-6)). Suppose 166 = 5*k + 3*r, 4*k + 0*r = g*r + 124. What is the greatest common factor of k and 8?
8
Let a be 1 - 0 - 630/(-2). Suppose 0*k = 3*k - 396. Let j = a - k. What is the greatest common divisor of j and 23?
23
Suppose -2*f = -a + 3*f + 12, 4*a = 2*f + 120. Suppose -5*w + 3 + a = 0. Calculate the greatest common divisor of 1 and w.
1
Let f(r) = -2*r + 35. Let w be f(13). Calculate the greatest common factor of 36 and w.
9
Let b be (-7 + 10)*(-2)/(-1). Calculate the highest common divisor of b and 66.
6
Let g be (-4)/(1/(-50)*4). What is the greatest common factor of 100 and g?
50
Suppose -196 = -0*a - 3*a + b, -3*a - 3*b + 192 = 0. Let x = 9 + 21. Suppose x = -5*r + 160. What is the greatest common divisor of a and r?
13
Suppose -3*w + q + 174 = -2*q, 0 = 2*w + 3*q - 106. Calculate the greatest common factor of 140 and w.
28
Let i(k) = -k**3 + 12*k**2 + 2*k + 6. Let t be i(12). What is the greatest common divisor of t and 15?
15
Suppose 720 = 3*u + 3*s, -471 = 5*u - 7*u - 5*s. Calculate the highest common divisor of 27 and u.
27
Suppose -x = 4*w - 9, x = -3*w + w + 11. Let i(r) = r**3 - 4*r**2 + 4*r - 1. Let g be i(4). Let s = g - 2. What is the highest common divisor of x and s?
13
Suppose f + 4*f = 765. Let u be 2 + -2 - 0/2. Suppose -2*b + 10 + 24 = u. Calculate the greatest common divisor of b and f.
17
Let c be (-1)/4 - (-58)/8. Let s be (4/5)/((-5)/(-175)). Calculate the highest common divisor of s and c.
7
Suppose 0 = 4*i - i, 0 = 4*z - i - 48. Calculate the greatest common divisor of z and 8.
4
Let x = 4 + -2. Let o be 1/(-4) - 111/(-12). Let b = o - x. Calculate the greatest common divisor of b and 77.
7
Let p(c) = -5 - 3*c**2 + 4 - 5 + c + 6*c**2. Let y be p(6). Calculate the greatest common factor of 12 and y.
12
Let q(l) = l**3 - 3*l**2 - 2*l + 2. Let x be q(2). Let g be (-2)/(x/3)*13. What is the highest common factor of 91 and g?
13
Suppose 2*y = y + 2*w - 5, 0 = -3*y - 5*w + 18. Let l(n) = 37*n**3 + 1. Let q be l(y). Let z be q/6 + 2/3. Calculate the greatest common divisor of z and 14.
7
Suppose -4 = -2*s + 2. Calculate the greatest common divisor of 3 and s.
3
Let i = 17 - 9. What is the greatest common factor of i and 24?
8
Suppose -2*r + 5*r - w = 454, 3*r = 5*w + 446. What is the highest common div